{"id":88,"date":"2024-05-12T12:06:45","date_gmt":"2024-05-12T10:06:45","guid":{"rendered":"https:\/\/plusvert-toitures.fr\/?page_id=88"},"modified":"2024-05-16T16:24:49","modified_gmt":"2024-05-16T14:24:49","slug":"les-multiples-benefices-de-lirrigation-par-remontee-capillaire","status":"publish","type":"page","link":"https:\/\/plusvert-toitures.fr\/?page_id=88","title":{"rendered":"La combinaison d\u2019un syst\u00e8me de r\u00e9tention d\u2019eau et de remont\u00e9e capillaire"},"content":{"rendered":"\n<div class=\"wp-block-group alignfull has-global-padding is-layout-constrained wp-container-core-group-is-layout-490fa1db wp-block-group-is-layout-constrained\" style=\"padding-top:var(--wp--preset--spacing--50);padding-right:var(--wp--preset--spacing--50);padding-bottom:var(--wp--preset--spacing--50);padding-left:var(--wp--preset--spacing--50)\">\n<h1 class=\"wp-block-heading has-text-align-center has-x-large-font-size\">Comment cela fonctionne-t-il ?<\/h1>\n\n\n\n<div style=\"height:var(--wp--preset--spacing--30)\" aria-hidden=\"true\" class=\"wp-block-spacer\"><\/div>\n\n\n\n<figure class=\"wp-block-image alignwide size-large is-style-rounded is-style-rounded--1\"><img loading=\"lazy\" decoding=\"async\" width=\"1024\" height=\"424\" src=\"https:\/\/plusvert-toitures.fr\/wp-content\/uploads\/2024\/05\/img_8288-1-1024x424.jpg\" alt=\"\" class=\"wp-image-92\" srcset=\"https:\/\/plusvert-toitures.fr\/wp-content\/uploads\/2024\/05\/img_8288-1-1024x424.jpg 1024w, https:\/\/plusvert-toitures.fr\/wp-content\/uploads\/2024\/05\/img_8288-1-300x124.jpg 300w, https:\/\/plusvert-toitures.fr\/wp-content\/uploads\/2024\/05\/img_8288-1-768x318.jpg 768w, https:\/\/plusvert-toitures.fr\/wp-content\/uploads\/2024\/05\/img_8288-1.jpg 1380w\" sizes=\"auto, (max-width: 1024px) 100vw, 1024px\" \/><\/figure>\n<\/div>\n\n\n\n<div class=\"wp-block-group alignfull has-base-2-background-color has-background has-global-padding is-layout-constrained wp-container-core-group-is-layout-669513ed wp-block-group-is-layout-constrained\" style=\"margin-top:0;margin-bottom:0;padding-top:var(--wp--preset--spacing--50);padding-right:var(--wp--preset--spacing--50);padding-bottom:var(--wp--preset--spacing--50);padding-left:var(--wp--preset--spacing--50)\">\n<div class=\"wp-block-group is-vertical is-content-justification-center is-layout-flex wp-container-core-group-is-layout-52b864f0 wp-block-group-is-layout-flex\">\n<h2 class=\"wp-block-heading has-text-align-center is-style-asterisk\"><\/h2>\n\n\n\n<div style=\"height:0px\" aria-hidden=\"true\" class=\"wp-block-spacer wp-container-content-4f2ccadb\"><\/div>\n\n\n\n<p class=\"has-text-align-center\">Lorsqu\u2019il pleut, l\u2019eau traverse la couche de substrat drainant et finit par s\u2019accumuler dans la couche de stockage qui peut contenir jusqu\u2019au 150l\/m2. Celle-ci est pr\u00e9c\u00e9d\u00e9e d\u2019une membrane \u00e9tanche ainsi que d\u2019un geotextile. Le trop plein est g\u00e9r\u00e9 gr\u00e2ce \u00e0 un systeme d\u2019\u00e9vacuation d\u2019eau. Lors des p\u00e9riodes s\u00e8ches, l\u2019eau contenue dans la zone de stockage remonte par capillarit\u00e9 dans des cylindres de fibre de roche <\/p>\n\n\n\n<p><\/p>\n<\/div>\n\n\n\n<div style=\"margin-top:0;margin-bottom:0;height:var(--wp--preset--spacing--40)\" aria-hidden=\"true\" class=\"wp-block-spacer\"><\/div>\n\n\n\n<div class=\"wp-block-columns alignwide is-layout-flex wp-container-core-columns-is-layout-d0bbbce0 wp-block-columns-is-layout-flex\">\n<div class=\"wp-block-column is-layout-flow wp-container-core-column-is-layout-e3d1c41b wp-block-column-is-layout-flow\">\n<h3 class=\"wp-block-heading has-text-align-left is-style-asterisk has-body-font-family has-medium-font-size\" style=\"font-style:normal;font-weight:600\">Un dosage parfait de l&#8217;eau<\/h3>\n\n\n\n<p class=\"has-text-align-left\">Toujours de l&#8217;eau \u00e0 disposition des plantes, jamais les racines immerg\u00e9es. C&#8217;est l&#8217;\u00e9quation r\u00e9solue gr\u00e2ce \u00e0 la remont\u00e9e capillaire.<\/p>\n<\/div>\n\n\n\n<div class=\"wp-block-column is-layout-flow wp-container-core-column-is-layout-e3d1c41b wp-block-column-is-layout-flow\">\n<h3 class=\"wp-block-heading has-text-align-left is-style-asterisk has-body-font-family has-medium-font-size\" style=\"font-style:normal;font-weight:600\">La probl\u00e9matique du drainage contr\u00f4l\u00e9e<\/h3>\n\n\n\n<p class=\"has-text-align-left\">Jamais de flaque, ni de boue, gr\u00e2ce \u00e0 notre substrat \u00e9labor\u00e9 mais \u00e9galement au syst\u00e8me d&#8217;\u00e9vacuation en cas de trop-plein, le sol ne peut pas \u00eatre satur\u00e9 d&#8217;eau.<\/p>\n<\/div>\n\n\n\n<div class=\"wp-block-column is-layout-flow wp-container-core-column-is-layout-e3d1c41b wp-block-column-is-layout-flow\">\n<h3 class=\"wp-block-heading has-text-align-left is-style-asterisk has-body-font-family has-medium-font-size\" style=\"font-style:normal;font-weight:600\">Plus de 60% d&#8217;\u00e9conomie d&#8217;eau<\/h3>\n\n\n\n<p class=\"has-text-align-left\">60% d&#8217;eau perdue par \u00e9vaporation lors des fortes chaleur pour l&#8217;arrosage par aspersion, une quantit\u00e9 consid\u00e9rable lors d&#8217;arrosages avant les fortes pluies. Tout cela est \u00e9vit\u00e9 gr\u00e2ce au couplage remont\u00e9e capillaire et irrigation anticipative.<\/p>\n<\/div>\n<\/div>\n\n\n\n<div style=\"height:var(--wp--preset--spacing--20)\" aria-hidden=\"true\" class=\"wp-block-spacer\"><\/div>\n\n\n\n<div class=\"wp-block-columns alignwide is-layout-flex wp-container-core-columns-is-layout-d0bbbce0 wp-block-columns-is-layout-flex\">\n<div class=\"wp-block-column is-layout-flow wp-container-core-column-is-layout-e3d1c41b wp-block-column-is-layout-flow\">\n<h3 class=\"wp-block-heading has-text-align-left is-style-asterisk has-body-font-family has-medium-font-size\" style=\"font-style:normal;font-weight:600\">La favorisation d&#8217;un \u00e9cosyst\u00e8me<\/h3>\n\n\n\n<p class=\"has-text-align-left\">La v\u00e9g\u00e9tation favorise grandement la biodiversit\u00e9, notamment avec la r\u00e9apparition des abeilles attir\u00e9es par le pollen ainsi que des oiseaux.<\/p>\n\n\n\n<h3 class=\"wp-block-heading has-text-align-left is-style-asterisk has-body-font-family has-medium-font-size\" style=\"font-style:normal;font-weight:600\">D\u00e9pollution de l&#8217;air<\/h3>\n\n\n\n<p class=\"has-text-align-left\">La v\u00e9g\u00e9tation absorbe le C02 et renvoie du dioxyg\u00e8ne et contribue ainsi \u00e0 un air plus pur.<\/p>\n<\/div>\n\n\n\n<div class=\"wp-block-column is-layout-flow wp-container-core-column-is-layout-e3d1c41b wp-block-column-is-layout-flow\">\n<h3 class=\"wp-block-heading has-text-align-left is-style-asterisk has-body-font-family has-medium-font-size\" style=\"font-style:normal;font-weight:600\">Contr\u00f4le des temp\u00e9ratures en \u00e9t\u00e9<\/h3>\n\n\n\n<p class=\"has-text-align-left\">La v\u00e9g\u00e9talisation a le pouvoir d&#8217;absorber la chaleur, et de maintenir une fraicheur dans le b\u00e2timent qu&#8217;elle surplombe. A la cl\u00e9, des \u00e9conomies d&#8217;\u00e9nergie et plus de confort<\/p>\n\n\n\n<h3 class=\"wp-block-heading has-text-align-left is-style-asterisk has-body-font-family has-medium-font-size\" style=\"font-style:normal;font-weight:600\">Valorisation des emplacements premium<\/h3>\n\n\n\n<p class=\"has-text-align-left\">En ville o\u00f9 trouver un endroit calme avec une vue panoramique ? Sur les toits plats, trop souvent inutilis\u00e9s !<\/p>\n<\/div>\n\n\n\n<div class=\"wp-block-column is-layout-flow wp-container-core-column-is-layout-e3d1c41b wp-block-column-is-layout-flow\">\n<h3 class=\"wp-block-heading has-text-align-left is-style-asterisk has-body-font-family has-medium-font-size\" style=\"font-style:normal;font-weight:600\">Cr\u00e9ation de bien \u00eatre<\/h3>\n\n\n\n<p class=\"has-text-align-left\">Se sentir en vacances \u00e0 la campagne, au calme dans un d\u00e9cor de verdure anim\u00e9 par le chant des oiseaux, tout cela en pleine m\u00e9tropole !<\/p>\n<\/div>\n<\/div>\n\n\n\n<div class=\"wp-block-buttons is-layout-flex wp-block-buttons-is-layout-flex\">\n<div class=\"wp-block-button has-custom-width wp-block-button__width-50\"><a class=\"wp-block-button__link wp-element-button\" href=\"https:\/\/plusvert-toitures.fr\/?page_id=83\">Contactez-nous<\/a><\/div>\n<\/div>\n<\/div>\n\n\n\n<div class=\"wp-block-group alignfull has-global-padding is-layout-constrained wp-container-core-group-is-layout-d89aad35 wp-block-group-is-layout-constrained\" style=\"margin-top:0;margin-bottom:0;padding-top:var(--wp--preset--spacing--50);padding-right:var(--wp--preset--spacing--50);padding-bottom:var(--wp--preset--spacing--50);padding-left:var(--wp--preset--spacing--50)\"><\/div>\n\n\n\n<div class=\"wp-block-group alignfull has-base-color has-contrast-background-color has-text-color has-background has-global-padding is-layout-constrained wp-container-core-group-is-layout-ef3d885c wp-block-group-is-layout-constrained\" style=\"margin-top:0;margin-bottom:0;padding-top:var(--wp--preset--spacing--60);padding-right:var(--wp--preset--spacing--60);padding-bottom:var(--wp--preset--spacing--60);padding-left:var(--wp--preset--spacing--60)\">\n<div class=\"wp-block-group has-global-padding is-layout-constrained wp-block-group-is-layout-constrained\">\n<p class=\"has-text-align-center has-heading-font-family has-base-color has-text-color has-x-large-font-size\" style=\"line-height:1.2\"><em>\u00ab&nbsp;La r\u00e9volution de ce syst\u00e8me r\u00e9side dans le fait qu&#8217;il s&#8217;inspire de la simplicit\u00e9 de la nature\u00bb<\/em><\/p>\n\n\n\n<div style=\"height:var(--wp--preset--spacing--10)\" aria-hidden=\"true\" class=\"wp-block-spacer\"><\/div>\n\n\n\n<div class=\"wp-block-group is-vertical is-content-justification-center is-nowrap is-layout-flex wp-container-core-group-is-layout-2dc08cea wp-block-group-is-layout-flex\">\n\n\n<p class=\"has-text-align-center\" style=\"margin-top:var(--wp--preset--spacing--10);margin-bottom:0\">Yoann Pequignot<\/p>\n\n\n\n<p class=\"has-text-align-center has-contrast-3-color has-text-color has-small-font-size\" style=\"font-style:normal;font-weight:300\">Co-g\u00e9rant Plus Vert Toitures<\/p>\n<\/div>\n<\/div>\n<\/div>\n","protected":false},"excerpt":{"rendered":"<p>Comment cela fonctionne-t-il ? Lorsqu\u2019il pleut, l\u2019eau traverse la couche de substrat drainant et finit par s\u2019accumuler dans la couche de stockage qui peut contenir jusqu\u2019au 150l\/m2. Celle-ci est pr\u00e9c\u00e9d\u00e9e d\u2019une membrane \u00e9tanche ainsi que d\u2019un geotextile. Le trop plein est g\u00e9r\u00e9 gr\u00e2ce \u00e0 un systeme d\u2019\u00e9vacuation d\u2019eau. Lors des p\u00e9riodes s\u00e8ches, l\u2019eau contenue dans [&hellip;]<\/p>\n","protected":false},"author":1,"featured_media":0,"parent":0,"menu_order":0,"comment_status":"closed","ping_status":"closed","template":"","meta":{"saved_in_kubio":false,"footnotes":""},"class_list":["post-88","page","type-page","status-publish","hentry"],"kubio_ai_page_context":{"short_desc":"","purpose":"general"},"_links":{"self":[{"href":"https:\/\/plusvert-toitures.fr\/index.php?rest_route=\/wp\/v2\/pages\/88","targetHints":{"allow":["GET"]}}],"collection":[{"href":"https:\/\/plusvert-toitures.fr\/index.php?rest_route=\/wp\/v2\/pages"}],"about":[{"href":"https:\/\/plusvert-toitures.fr\/index.php?rest_route=\/wp\/v2\/types\/page"}],"author":[{"embeddable":true,"href":"https:\/\/plusvert-toitures.fr\/index.php?rest_route=\/wp\/v2\/users\/1"}],"replies":[{"embeddable":true,"href":"https:\/\/plusvert-toitures.fr\/index.php?rest_route=%2Fwp%2Fv2%2Fcomments&post=88"}],"version-history":[{"count":11,"href":"https:\/\/plusvert-toitures.fr\/index.php?rest_route=\/wp\/v2\/pages\/88\/revisions"}],"predecessor-version":[{"id":312,"href":"https:\/\/plusvert-toitures.fr\/index.php?rest_route=\/wp\/v2\/pages\/88\/revisions\/312"}],"wp:attachment":[{"href":"https:\/\/plusvert-toitures.fr\/index.php?rest_route=%2Fwp%2Fv2%2Fmedia&parent=88"}],"curies":[{"name":"wp","href":"https:\/\/api.w.org\/{rel}","templated":true}]}}

La combinaison d’un système de rétention d’eau et de remontée capillaire

<div class="wp-block-group alignfull has-global-padding is-layout-constrained wp-container-core-group-is-layout-490fa1db wp-block-group-is-layout-constrained" style="padding-top:var(--wp--preset--spacing--50);padding-right:var(--wp--preset--spacing--50);padding-bottom:var(--wp--preset--spacing--50);padding-left:var(--wp--preset--spacing--50)">
<h1 class="wp-block-heading has-text-align-center has-x-large-font-size">Comment cela fonctionne-t-il ?</h1>



<div style="height:var(--wp--preset--spacing--30)" aria-hidden="true" class="wp-block-spacer"></div>



<figure class="wp-block-image alignwide size-large is-style-rounded is-style-rounded--1"><img loading="lazy" decoding="async" width="1024" height="424" src="https://plusvert-toitures.fr/wp-content/uploads/2024/05/img_8288-1-1024x424.jpg" alt="" class="wp-image-92" srcset="https://plusvert-toitures.fr/wp-content/uploads/2024/05/img_8288-1-1024x424.jpg 1024w, https://plusvert-toitures.fr/wp-content/uploads/2024/05/img_8288-1-300x124.jpg 300w, https://plusvert-toitures.fr/wp-content/uploads/2024/05/img_8288-1-768x318.jpg 768w, https://plusvert-toitures.fr/wp-content/uploads/2024/05/img_8288-1.jpg 1380w" sizes="auto, (max-width: 1024px) 100vw, 1024px" /></figure>
</div>



<div class="wp-block-group alignfull has-base-2-background-color has-background has-global-padding is-layout-constrained wp-container-core-group-is-layout-669513ed wp-block-group-is-layout-constrained" style="margin-top:0;margin-bottom:0;padding-top:var(--wp--preset--spacing--50);padding-right:var(--wp--preset--spacing--50);padding-bottom:var(--wp--preset--spacing--50);padding-left:var(--wp--preset--spacing--50)">
<div class="wp-block-group is-vertical is-content-justification-center is-layout-flex wp-container-core-group-is-layout-52b864f0 wp-block-group-is-layout-flex">
<h2 class="wp-block-heading has-text-align-center is-style-asterisk"></h2>



<div style="height:0px" aria-hidden="true" class="wp-block-spacer wp-container-content-4f2ccadb"></div>



<p class="has-text-align-center">Lorsqu’il pleut, l’eau traverse la couche de substrat drainant et finit par s’accumuler dans la couche de stockage qui peut contenir jusqu’au 150l/m2. Celle-ci est précédée d’une membrane étanche ainsi que d’un geotextile. Le trop plein est géré grâce à un systeme d’évacuation d’eau. Lors des périodes sèches, l’eau contenue dans la zone de stockage remonte par capillarité dans des cylindres de fibre de roche </p>



<p></p>
</div>



<div style="margin-top:0;margin-bottom:0;height:var(--wp--preset--spacing--40)" aria-hidden="true" class="wp-block-spacer"></div>



<div class="wp-block-columns alignwide is-layout-flex wp-container-core-columns-is-layout-d0bbbce0 wp-block-columns-is-layout-flex">
<div class="wp-block-column is-layout-flow wp-container-core-column-is-layout-e3d1c41b wp-block-column-is-layout-flow">
<h3 class="wp-block-heading has-text-align-left is-style-asterisk has-body-font-family has-medium-font-size" style="font-style:normal;font-weight:600">Un dosage parfait de l&#8217;eau</h3>



<p class="has-text-align-left">Toujours de l&#8217;eau à disposition des plantes, jamais les racines immergées. C&#8217;est l&#8217;équation résolue grâce à la remontée capillaire.</p>
</div>



<div class="wp-block-column is-layout-flow wp-container-core-column-is-layout-e3d1c41b wp-block-column-is-layout-flow">
<h3 class="wp-block-heading has-text-align-left is-style-asterisk has-body-font-family has-medium-font-size" style="font-style:normal;font-weight:600">La problématique du drainage contrôlée</h3>



<p class="has-text-align-left">Jamais de flaque, ni de boue, grâce à notre substrat élaboré mais également au système d&#8217;évacuation en cas de trop-plein, le sol ne peut pas être saturé d&#8217;eau.</p>
</div>



<div class="wp-block-column is-layout-flow wp-container-core-column-is-layout-e3d1c41b wp-block-column-is-layout-flow">
<h3 class="wp-block-heading has-text-align-left is-style-asterisk has-body-font-family has-medium-font-size" style="font-style:normal;font-weight:600">Plus de 60% d&#8217;économie d&#8217;eau</h3>



<p class="has-text-align-left">60% d&#8217;eau perdue par évaporation lors des fortes chaleur pour l&#8217;arrosage par aspersion, une quantité considérable lors d&#8217;arrosages avant les fortes pluies. Tout cela est évité grâce au couplage remontée capillaire et irrigation anticipative.</p>
</div>
</div>



<div style="height:var(--wp--preset--spacing--20)" aria-hidden="true" class="wp-block-spacer"></div>



<div class="wp-block-columns alignwide is-layout-flex wp-container-core-columns-is-layout-d0bbbce0 wp-block-columns-is-layout-flex">
<div class="wp-block-column is-layout-flow wp-container-core-column-is-layout-e3d1c41b wp-block-column-is-layout-flow">
<h3 class="wp-block-heading has-text-align-left is-style-asterisk has-body-font-family has-medium-font-size" style="font-style:normal;font-weight:600">La favorisation d&#8217;un écosystème</h3>



<p class="has-text-align-left">La végétation favorise grandement la biodiversité, notamment avec la réapparition des abeilles attirées par le pollen ainsi que des oiseaux.</p>



<h3 class="wp-block-heading has-text-align-left is-style-asterisk has-body-font-family has-medium-font-size" style="font-style:normal;font-weight:600">Dépollution de l&#8217;air</h3>



<p class="has-text-align-left">La végétation absorbe le C02 et renvoie du dioxygène et contribue ainsi à un air plus pur.</p>
</div>



<div class="wp-block-column is-layout-flow wp-container-core-column-is-layout-e3d1c41b wp-block-column-is-layout-flow">
<h3 class="wp-block-heading has-text-align-left is-style-asterisk has-body-font-family has-medium-font-size" style="font-style:normal;font-weight:600">Contrôle des températures en été</h3>



<p class="has-text-align-left">La végétalisation a le pouvoir d&#8217;absorber la chaleur, et de maintenir une fraicheur dans le bâtiment qu&#8217;elle surplombe. A la clé, des économies d&#8217;énergie et plus de confort</p>



<h3 class="wp-block-heading has-text-align-left is-style-asterisk has-body-font-family has-medium-font-size" style="font-style:normal;font-weight:600">Valorisation des emplacements premium</h3>



<p class="has-text-align-left">En ville où trouver un endroit calme avec une vue panoramique ? Sur les toits plats, trop souvent inutilisés !</p>
</div>



<div class="wp-block-column is-layout-flow wp-container-core-column-is-layout-e3d1c41b wp-block-column-is-layout-flow">
<h3 class="wp-block-heading has-text-align-left is-style-asterisk has-body-font-family has-medium-font-size" style="font-style:normal;font-weight:600">Création de bien être</h3>



<p class="has-text-align-left">Se sentir en vacances à la campagne, au calme dans un décor de verdure animé par le chant des oiseaux, tout cela en pleine métropole !</p>
</div>
</div>



<div class="wp-block-buttons is-layout-flex wp-block-buttons-is-layout-flex">
<div class="wp-block-button has-custom-width wp-block-button__width-50"><a class="wp-block-button__link wp-element-button" href="https://plusvert-toitures.fr/?page_id=83">Contactez-nous</a></div>
</div>
</div>



<div class="wp-block-group alignfull has-global-padding is-layout-constrained wp-container-core-group-is-layout-d89aad35 wp-block-group-is-layout-constrained" style="margin-top:0;margin-bottom:0;padding-top:var(--wp--preset--spacing--50);padding-right:var(--wp--preset--spacing--50);padding-bottom:var(--wp--preset--spacing--50);padding-left:var(--wp--preset--spacing--50)"></div>



<div class="wp-block-group alignfull has-base-color has-contrast-background-color has-text-color has-background has-global-padding is-layout-constrained wp-container-core-group-is-layout-ef3d885c wp-block-group-is-layout-constrained" style="margin-top:0;margin-bottom:0;padding-top:var(--wp--preset--spacing--60);padding-right:var(--wp--preset--spacing--60);padding-bottom:var(--wp--preset--spacing--60);padding-left:var(--wp--preset--spacing--60)">
<div class="wp-block-group has-global-padding is-layout-constrained wp-block-group-is-layout-constrained">
<p class="has-text-align-center has-heading-font-family has-base-color has-text-color has-x-large-font-size" style="line-height:1.2"><em>«&nbsp;La révolution de ce système réside dans le fait qu&#8217;il s&#8217;inspire de la simplicité de la nature»</em></p>



<div style="height:var(--wp--preset--spacing--10)" aria-hidden="true" class="wp-block-spacer"></div>



<div class="wp-block-group is-vertical is-content-justification-center is-nowrap is-layout-flex wp-container-core-group-is-layout-2dc08cea wp-block-group-is-layout-flex">


<p class="has-text-align-center" style="margin-top:var(--wp--preset--spacing--10);margin-bottom:0">Yoann Pequignot</p>



<p class="has-text-align-center has-contrast-3-color has-text-color has-small-font-size" style="font-style:normal;font-weight:300">Co-gérant Plus Vert Toitures</p>
</div>
</div>
</div>

<p>Comment cela fonctionne-t-il ? Lorsqu’il pleut, l’eau traverse la couche de substrat drainant et finit par s’accumuler dans la couche de stockage qui peut contenir jusqu’au 150l/m2. Celle-ci est précédée d’une membrane étanche ainsi que d’un geotextile. Le trop plein est géré grâce à un systeme d’évacuation d’eau. Lors des périodes sèches, l’eau contenue dans [&hellip;]</p>
