{"id":193,"date":"2024-05-14T17:16:45","date_gmt":"2024-05-14T15:16:45","guid":{"rendered":"https:\/\/plusvert-toitures.fr\/?page_id=193"},"modified":"2024-05-14T17:16:45","modified_gmt":"2024-05-14T15:16:45","slug":"mentions-legales","status":"publish","type":"page","link":"https:\/\/plusvert-toitures.fr\/?page_id=193","title":{"rendered":"Mentions l\u00e9gales"},"content":{"rendered":"\n<h2 class=\"wp-block-heading\">Qui sommes-nous&nbsp;?<\/h2>\n\n\n\n<p>L\u2019adresse de notre site Web est\u00a0: https:\/\/plusvert-toitures.fr<\/p>\n\n\n\n<p>Hammer Arrosage, SASU \u2013 114 Schafbusch \u2013 67160 Wissembourg<\/p>\n\n\n\n<p>RCS Strasbourg :&nbsp;<\/p>\n\n\n\n<p>Directeur de la publication : Louis Hammer<\/p>\n\n\n\n<p>web@hammerarrosage.com<\/p>\n\n\n\n<p>H\u00e9bergeur : OVH. Si\u00e8ge social : 2 rue Kellermann \u2013 59100 Roubaix, France. T\u00e9l. +33 (0)8 99 70 17 61. Site web :\u00a0<a href=\"http:\/\/www.ovh.com\/\">www.ovh.com<\/a><\/p>\n\n\n\n<p><\/p>\n\n\n\n<p><\/p>\n\n\n\n<h2 class=\"wp-block-heading\">Utilisation des donn\u00e9es personnelles collect\u00e9es<\/h2>\n\n\n\n<p><\/p>\n\n\n\n<p><\/p>\n\n\n\n<h6 class=\"wp-block-heading\">COMMENTAIRES<\/h6>\n\n\n\n<p>Quand vous laissez un commentaire sur notre site web, les donn\u00e9es inscrites dans le formulaire de commentaire, mais aussi votre adresse IP et l\u2019agent utilisateur de votre navigateur sont collect\u00e9s pour nous aider \u00e0 la d\u00e9tection des commentaires ind\u00e9sirables.<\/p>\n\n\n\n<p>Une cha\u00eene anonymis\u00e9e cr\u00e9\u00e9e \u00e0 partir de votre adresse de messagerie (\u00e9galement appel\u00e9e hash) peut \u00eatre envoy\u00e9e au service Gravatar pour v\u00e9rifier si vous utilisez ce dernier. Les clauses de confidentialit\u00e9 du service Gravatar sont disponibles ici\u00a0: https:\/\/automattic.com\/privacy\/. Apr\u00e8s validation de votre commentaire, votre photo de profil sera visible publiquement \u00e0 cot\u00e9 de votre commentaire.<\/p>\n\n\n\n<p><\/p>\n\n\n\n<h6 class=\"wp-block-heading\">M\u00c9DIAS<\/h6>\n\n\n\n<p>Si vous \u00eates un utilisateur ou une utilisatrice enregistr\u00e9\u00b7e et que vous t\u00e9l\u00e9versez des images sur le site web, nous vous conseillons d\u2019\u00e9viter de t\u00e9l\u00e9verser des images contenant des donn\u00e9es EXIF de coordonn\u00e9es GPS. Les visiteurs de votre site web peuvent t\u00e9l\u00e9charger et extraire des donn\u00e9es de localisation depuis ces images.<\/p>\n\n\n\n<p><\/p>\n\n\n\n<h6 class=\"wp-block-heading\">FORMULAIRES DE CONTACT<\/h6>\n\n\n\n<h6 class=\"wp-block-heading\">COOKIES<\/h6>\n\n\n\n<p>Si vous d\u00e9posez un commentaire sur notre site, il vous sera propos\u00e9 d\u2019enregistrer votre nom, adresse de messagerie et site web dans des cookies. C\u2019est uniquement pour votre confort afin de ne pas avoir \u00e0 saisir ces informations si vous d\u00e9posez un autre commentaire plus tard. Ces cookies expirent au bout d\u2019un an.<\/p>\n\n\n\n<p>Si vous avez un compte et que vous vous connectez sur ce site, un cookie temporaire sera cr\u00e9\u00e9 afin de d\u00e9terminer si votre navigateur accepte les cookies. Il ne contient pas de donn\u00e9es personnelles et sera supprim\u00e9 automatiquement \u00e0 la fermeture de votre navigateur.<\/p>\n\n\n\n<p>Lorsque vous vous connecterez, nous mettrons en place un certain nombre de cookies pour enregistrer vos informations de connexion et vos pr\u00e9f\u00e9rences d\u2019\u00e9cran. La dur\u00e9e de vie d\u2019un cookie de connexion est de deux jours, celle d\u2019un cookie d\u2019option d\u2019\u00e9cran est d\u2019un an. Si vous cochez \u00ab&nbsp;Se souvenir de moi&nbsp;\u00bb, votre cookie de connexion sera conserv\u00e9 pendant deux semaines. Si vous vous d\u00e9connectez de votre compte, le cookie de connexion sera effac\u00e9.<\/p>\n\n\n\n<p>En modifiant ou en publiant une publication, un cookie suppl\u00e9mentaire sera enregistr\u00e9 dans votre navigateur. Ce cookie ne comprend aucune donn\u00e9e personnelle. Il indique simplement l\u2019ID de la publication que vous venez de modifier. Il expire au bout d\u2019un jour.<\/p>\n\n\n\n<p><\/p>\n\n\n\n<h6 class=\"wp-block-heading\">CONTENU EMBARQU\u00c9 DEPUIS D\u2019AUTRES SITES<\/h6>\n\n\n\n<p>Les articles de ce site peuvent inclure des contenus int\u00e9gr\u00e9s (par exemple des vid\u00e9os, images, articles\u2026). Le contenu int\u00e9gr\u00e9 depuis d\u2019autres sites se comporte de la m\u00eame mani\u00e8re que si le visiteur se rendait sur cet autre site.<\/p>\n\n\n\n<p>Ces sites web pourraient collecter des donn\u00e9es sur vous, utiliser des cookies, embarquer des outils de suivis tiers, suivre vos interactions avec ces contenus embarqu\u00e9s si vous disposez d\u2019un compte connect\u00e9 sur leur site web.<\/p>\n\n\n\n<p><\/p>\n\n\n\n<p><\/p>\n\n\n\n<h3 class=\"wp-block-heading\"><\/h3>\n\n\n\n<p><\/p>\n\n\n\n<h2 class=\"wp-block-heading\">Utilisation et transmission de vos donn\u00e9es personnelles<\/h2>\n\n\n\n<p><\/p>\n\n\n\n<p><\/p>\n\n\n\n<h6 class=\"wp-block-heading\">DUR\u00c9ES DE STOCKAGE DE VOS DONN\u00c9ES<\/h6>\n\n\n\n<p>Si vous laissez un commentaire, le commentaire et ses m\u00e9tadonn\u00e9es sont conserv\u00e9s ind\u00e9finiment. Cela permet de reconna\u00eetre et approuver automatiquement les commentaires suivants au lieu de les laisser dans la file de mod\u00e9ration.<\/p>\n\n\n\n<p>Pour les utilisateurs et utilisatrices qui s\u2019enregistrent sur notre site (si cela est possible), nous stockons \u00e9galement les donn\u00e9es personnelles indiqu\u00e9es dans leur profil. Tous les utilisateurs et utilisatrices peuvent voir, modifier ou supprimer leurs informations personnelles \u00e0 tout moment (\u00e0 l\u2019exception de leur nom d\u2019utilisateur\u00b7ice). Les gestionnaires du site peuvent aussi voir et modifier ces informations.<\/p>\n\n\n\n<p><\/p>\n\n\n\n<h6 class=\"wp-block-heading\">LES DROITS QUE VOUS AVEZ SUR VOS DONN\u00c9ES<\/h6>\n\n\n\n<p>Si vous avez un compte ou si vous avez laiss\u00e9 des commentaires sur le site, vous pouvez demander \u00e0 recevoir un fichier contenant toutes les donn\u00e9es personnelles que nous poss\u00e9dons \u00e0 votre sujet, incluant celles que vous nous avez fournies. Vous pouvez \u00e9galement demander la suppression des donn\u00e9es personnelles vous concernant. Cela ne prend pas en compte les donn\u00e9es stock\u00e9es \u00e0 des fins administratives, l\u00e9gales ou pour des raisons de s\u00e9curit\u00e9.<\/p>\n\n\n\n<p><\/p>\n\n\n\n<h6 class=\"wp-block-heading\">TRANSMISSION DE VOS DONN\u00c9ES PERSONNELLES<\/h6>\n\n\n\n<p>Les commentaires des visiteurs peuvent \u00eatre v\u00e9rifi\u00e9s \u00e0 l\u2019aide d\u2019un service automatis\u00e9 de d\u00e9tection des commentaires ind\u00e9sirables.<\/p>\n\n\n\n<p><\/p>\n\n\n\n<h6 class=\"wp-block-heading\">INFORMATIONS DE CONTACT<\/h6>\n\n\n\n<p>contact@plusvert-toitures.fr<\/p>\n\n\n\n<p><\/p>\n\n\n\n<h6 class=\"wp-block-heading\">INFORMATIONS SUPPL\u00c9MENTAIRES<\/h6>\n\n\n\n<p>Le site que vous visitez utilise des traceurs (cookies). Ainsi, le site est susceptible d\u2019acc\u00e9der \u00e0 des informations d\u00e9j\u00e0 stock\u00e9es dans votre \u00e9quipement terminal de communications \u00e9lectroniques et d\u2019y inscrire des informations.<\/p>\n\n\n\n<p>Le site utilise exclusivement des traceurs dits \u201cstrictement n\u00e9cessaires\u201d, qui ne n\u00e9cessitent pas votre consentement pr\u00e9alable.<\/p>\n\n\n\n<p>Nous utilisons ces traceurs pour r\u00e9aliser des statistiques anonymes de visites.<\/p>\n\n\n\n<p>Ces traceurs ne peuvent pas, techniquement, \u00eatre d\u00e9sactiv\u00e9s depuis le site. Vous pouvez n\u00e9anmoins vous opposer \u00e0 l\u2019utilisation de ces traceurs, exclusivement en param\u00e9trant votre navigateur. Ce param\u00e9trage d\u00e9pend du navigateur que vous utilisez, mais il est en g\u00e9n\u00e9ral simple \u00e0 r\u00e9aliser : en principe, vous pouvez soit activer une fonction de navigation priv\u00e9e soit uniquement interdire ou restreindre les traceurs (cookies). Attention, il se peut que des traceurs aient \u00e9t\u00e9 enregistr\u00e9s sur votre p\u00e9riph\u00e9rique avant le param\u00e9trage de votre navigateur : dans ce cas, effacez votre historique de navigation, toujours en utilisant le param\u00e9trage de votre navigateur.<\/p>\n\n\n\n<p>L\u2019utilisation des traceurs est r\u00e9gie par l\u2019article 32 II de la loi n\u00b0 78-17 du 6 janvier 1978, transposant l\u2019article 5.3 de la directive 2002\/58\/CE du parlement europ\u00e9en et du conseil du 12 juillet 2002 modifi\u00e9e par la directive 2009\/136\/CE.<\/p>\n\n\n\n<p>Pour en savoir plus sur les cookies et traceurs, nous vous invitons \u00e0 consulter le site de la CNIL : www.cnil.fr.<\/p>\n\n\n\n<p><strong>Vos donn\u00e9es personnelles ne sont en aucun cas collect\u00e9es ni enregistr\u00e9es.<\/strong><\/p>\n","protected":false},"excerpt":{"rendered":"<p>Qui sommes-nous&nbsp;? L\u2019adresse de notre site Web est\u00a0: https:\/\/plusvert-toitures.fr Hammer Arrosage, SASU \u2013 114 Schafbusch \u2013 67160 Wissembourg RCS Strasbourg :&nbsp; Directeur de la publication : Louis Hammer web@hammerarrosage.com H\u00e9bergeur : OVH. Si\u00e8ge social : 2 rue Kellermann \u2013 59100 Roubaix, France. T\u00e9l. +33 (0)8 99 70 17 61. Site web :\u00a0www.ovh.com Utilisation des donn\u00e9es [&hellip;]<\/p>\n","protected":false},"author":1,"featured_media":0,"parent":0,"menu_order":0,"comment_status":"closed","ping_status":"closed","template":"","meta":{"saved_in_kubio":false,"footnotes":""},"class_list":["post-193","page","type-page","status-publish","hentry"],"kubio_ai_page_context":{"short_desc":"","purpose":"general"},"_links":{"self":[{"href":"https:\/\/plusvert-toitures.fr\/index.php?rest_route=\/wp\/v2\/pages\/193","targetHints":{"allow":["GET"]}}],"collection":[{"href":"https:\/\/plusvert-toitures.fr\/index.php?rest_route=\/wp\/v2\/pages"}],"about":[{"href":"https:\/\/plusvert-toitures.fr\/index.php?rest_route=\/wp\/v2\/types\/page"}],"author":[{"embeddable":true,"href":"https:\/\/plusvert-toitures.fr\/index.php?rest_route=\/wp\/v2\/users\/1"}],"replies":[{"embeddable":true,"href":"https:\/\/plusvert-toitures.fr\/index.php?rest_route=%2Fwp%2Fv2%2Fcomments&post=193"}],"version-history":[{"count":1,"href":"https:\/\/plusvert-toitures.fr\/index.php?rest_route=\/wp\/v2\/pages\/193\/revisions"}],"predecessor-version":[{"id":194,"href":"https:\/\/plusvert-toitures.fr\/index.php?rest_route=\/wp\/v2\/pages\/193\/revisions\/194"}],"wp:attachment":[{"href":"https:\/\/plusvert-toitures.fr\/index.php?rest_route=%2Fwp%2Fv2%2Fmedia&parent=193"}],"curies":[{"name":"wp","href":"https:\/\/api.w.org\/{rel}","templated":true}]}}

Mentions légales

<h2 class="wp-block-heading">Qui sommes-nous&nbsp;?</h2>



<p>L’adresse de notre site Web est : https://plusvert-toitures.fr</p>



<p>Hammer Arrosage, SASU – 114 Schafbusch – 67160 Wissembourg</p>



<p>RCS Strasbourg :&nbsp;</p>



<p>Directeur de la publication : Louis Hammer</p>



<p>web@hammerarrosage.com</p>



<p>Hébergeur : OVH. Siège social : 2 rue Kellermann – 59100 Roubaix, France. Tél. +33 (0)8 99 70 17 61. Site web : <a href="http://www.ovh.com/">www.ovh.com</a></p>



<p></p>



<p></p>



<h2 class="wp-block-heading">Utilisation des données personnelles collectées</h2>



<p></p>



<p></p>



<h6 class="wp-block-heading">COMMENTAIRES</h6>



<p>Quand vous laissez un commentaire sur notre site web, les données inscrites dans le formulaire de commentaire, mais aussi votre adresse IP et l’agent utilisateur de votre navigateur sont collectés pour nous aider à la détection des commentaires indésirables.</p>



<p>Une chaîne anonymisée créée à partir de votre adresse de messagerie (également appelée hash) peut être envoyée au service Gravatar pour vérifier si vous utilisez ce dernier. Les clauses de confidentialité du service Gravatar sont disponibles ici : https://automattic.com/privacy/. Après validation de votre commentaire, votre photo de profil sera visible publiquement à coté de votre commentaire.</p>



<p></p>



<h6 class="wp-block-heading">MÉDIAS</h6>



<p>Si vous êtes un utilisateur ou une utilisatrice enregistré·e et que vous téléversez des images sur le site web, nous vous conseillons d’éviter de téléverser des images contenant des données EXIF de coordonnées GPS. Les visiteurs de votre site web peuvent télécharger et extraire des données de localisation depuis ces images.</p>



<p></p>



<h6 class="wp-block-heading">FORMULAIRES DE CONTACT</h6>



<h6 class="wp-block-heading">COOKIES</h6>



<p>Si vous déposez un commentaire sur notre site, il vous sera proposé d’enregistrer votre nom, adresse de messagerie et site web dans des cookies. C’est uniquement pour votre confort afin de ne pas avoir à saisir ces informations si vous déposez un autre commentaire plus tard. Ces cookies expirent au bout d’un an.</p>



<p>Si vous avez un compte et que vous vous connectez sur ce site, un cookie temporaire sera créé afin de déterminer si votre navigateur accepte les cookies. Il ne contient pas de données personnelles et sera supprimé automatiquement à la fermeture de votre navigateur.</p>



<p>Lorsque vous vous connecterez, nous mettrons en place un certain nombre de cookies pour enregistrer vos informations de connexion et vos préférences d’écran. La durée de vie d’un cookie de connexion est de deux jours, celle d’un cookie d’option d’écran est d’un an. Si vous cochez «&nbsp;Se souvenir de moi&nbsp;», votre cookie de connexion sera conservé pendant deux semaines. Si vous vous déconnectez de votre compte, le cookie de connexion sera effacé.</p>



<p>En modifiant ou en publiant une publication, un cookie supplémentaire sera enregistré dans votre navigateur. Ce cookie ne comprend aucune donnée personnelle. Il indique simplement l’ID de la publication que vous venez de modifier. Il expire au bout d’un jour.</p>



<p></p>



<h6 class="wp-block-heading">CONTENU EMBARQUÉ DEPUIS D’AUTRES SITES</h6>



<p>Les articles de ce site peuvent inclure des contenus intégrés (par exemple des vidéos, images, articles…). Le contenu intégré depuis d’autres sites se comporte de la même manière que si le visiteur se rendait sur cet autre site.</p>



<p>Ces sites web pourraient collecter des données sur vous, utiliser des cookies, embarquer des outils de suivis tiers, suivre vos interactions avec ces contenus embarqués si vous disposez d’un compte connecté sur leur site web.</p>



<p></p>



<p></p>



<h3 class="wp-block-heading"></h3>



<p></p>



<h2 class="wp-block-heading">Utilisation et transmission de vos données personnelles</h2>



<p></p>



<p></p>



<h6 class="wp-block-heading">DURÉES DE STOCKAGE DE VOS DONNÉES</h6>



<p>Si vous laissez un commentaire, le commentaire et ses métadonnées sont conservés indéfiniment. Cela permet de reconnaître et approuver automatiquement les commentaires suivants au lieu de les laisser dans la file de modération.</p>



<p>Pour les utilisateurs et utilisatrices qui s’enregistrent sur notre site (si cela est possible), nous stockons également les données personnelles indiquées dans leur profil. Tous les utilisateurs et utilisatrices peuvent voir, modifier ou supprimer leurs informations personnelles à tout moment (à l’exception de leur nom d’utilisateur·ice). Les gestionnaires du site peuvent aussi voir et modifier ces informations.</p>



<p></p>



<h6 class="wp-block-heading">LES DROITS QUE VOUS AVEZ SUR VOS DONNÉES</h6>



<p>Si vous avez un compte ou si vous avez laissé des commentaires sur le site, vous pouvez demander à recevoir un fichier contenant toutes les données personnelles que nous possédons à votre sujet, incluant celles que vous nous avez fournies. Vous pouvez également demander la suppression des données personnelles vous concernant. Cela ne prend pas en compte les données stockées à des fins administratives, légales ou pour des raisons de sécurité.</p>



<p></p>



<h6 class="wp-block-heading">TRANSMISSION DE VOS DONNÉES PERSONNELLES</h6>



<p>Les commentaires des visiteurs peuvent être vérifiés à l’aide d’un service automatisé de détection des commentaires indésirables.</p>



<p></p>



<h6 class="wp-block-heading">INFORMATIONS DE CONTACT</h6>



<p>contact@plusvert-toitures.fr</p>



<p></p>



<h6 class="wp-block-heading">INFORMATIONS SUPPLÉMENTAIRES</h6>



<p>Le site que vous visitez utilise des traceurs (cookies). Ainsi, le site est susceptible d’accéder à des informations déjà stockées dans votre équipement terminal de communications électroniques et d’y inscrire des informations.</p>



<p>Le site utilise exclusivement des traceurs dits “strictement nécessaires”, qui ne nécessitent pas votre consentement préalable.</p>



<p>Nous utilisons ces traceurs pour réaliser des statistiques anonymes de visites.</p>



<p>Ces traceurs ne peuvent pas, techniquement, être désactivés depuis le site. Vous pouvez néanmoins vous opposer à l’utilisation de ces traceurs, exclusivement en paramétrant votre navigateur. Ce paramétrage dépend du navigateur que vous utilisez, mais il est en général simple à réaliser : en principe, vous pouvez soit activer une fonction de navigation privée soit uniquement interdire ou restreindre les traceurs (cookies). Attention, il se peut que des traceurs aient été enregistrés sur votre périphérique avant le paramétrage de votre navigateur : dans ce cas, effacez votre historique de navigation, toujours en utilisant le paramétrage de votre navigateur.</p>



<p>L’utilisation des traceurs est régie par l’article 32 II de la loi n° 78-17 du 6 janvier 1978, transposant l’article 5.3 de la directive 2002/58/CE du parlement européen et du conseil du 12 juillet 2002 modifiée par la directive 2009/136/CE.</p>



<p>Pour en savoir plus sur les cookies et traceurs, nous vous invitons à consulter le site de la CNIL : www.cnil.fr.</p>



<p><strong>Vos données personnelles ne sont en aucun cas collectées ni enregistrées.</strong></p>

<p>Qui sommes-nous&nbsp;? L’adresse de notre site Web est : https://plusvert-toitures.fr Hammer Arrosage, SASU – 114 Schafbusch – 67160 Wissembourg RCS Strasbourg :&nbsp; Directeur de la publication : Louis Hammer web@hammerarrosage.com Hébergeur : OVH. Siège social : 2 rue Kellermann – 59100 Roubaix, France. Tél. +33 (0)8 99 70 17 61. Site web : www.ovh.com Utilisation des données [&hellip;]</p>
