{"id":137,"date":"2024-05-13T23:34:19","date_gmt":"2024-05-13T21:34:19","guid":{"rendered":"https:\/\/plusvert-toitures.fr\/?page_id=137"},"modified":"2024-05-14T15:36:29","modified_gmt":"2024-05-14T13:36:29","slug":"une-vegetalisation-adaptee-a-vos-besoins","status":"publish","type":"page","link":"https:\/\/plusvert-toitures.fr\/?page_id=137","title":{"rendered":"Une v\u00e9g\u00e9talisation adapt\u00e9e \u00e0 vos besoins"},"content":{"rendered":"\n<p>Nous composons avec vos contraintes techniques ainsi que la destination de votre toiture afin de vous proposer les meilleures solutions en terme de compositions v\u00e9g\u00e9talis\u00e9es. Si votre toiture poss\u00e8de une portance faible et que vous souhaitez le minimum d&#8217;entretien, nous vous orientons vers des s\u00e9dums, vari\u00e9t\u00e9 extr\u00eamement tol\u00e9rante aux temp\u00e9ratures et hygrom\u00e9trie extr\u00eame, mais qui n\u00e9cessite \u00e9galement un couche de terre moins cons\u00e9quente. Lorsque que vous souhaitez transformer votre toiture en terrasse nous vous orientons vers des vari\u00e9t\u00e9s de gazon plus esth\u00e9tiques avec la possibilit\u00e9 d&#8217;am\u00e9nagements paysagers tels que des terrasses en bois exotiques.<\/p>\n\n\n\n<figure class=\"wp-block-image alignwide size-full wp-duotone-unset-1\"><img loading=\"lazy\" decoding=\"async\" width=\"1000\" height=\"600\" src=\"https:\/\/plusvert-toitures.fr\/wp-content\/uploads\/2024\/05\/Sans-titre-10-1.png\" alt=\"\" class=\"wp-image-138\" srcset=\"https:\/\/plusvert-toitures.fr\/wp-content\/uploads\/2024\/05\/Sans-titre-10-1.png 1000w, https:\/\/plusvert-toitures.fr\/wp-content\/uploads\/2024\/05\/Sans-titre-10-1-300x180.png 300w, https:\/\/plusvert-toitures.fr\/wp-content\/uploads\/2024\/05\/Sans-titre-10-1-768x461.png 768w\" sizes=\"auto, (max-width: 1000px) 100vw, 1000px\" \/><\/figure>\n\n\n\n<div class=\"wp-block-buttons is-layout-flex wp-block-buttons-is-layout-flex\">\n<div class=\"wp-block-button has-custom-width wp-block-button__width-100\"><a class=\"wp-block-button__link wp-element-button\" href=\"https:\/\/plusvert-toitures.fr\/?page_id=83\">Pr\u00e9sentez-nous votre projet<\/a><\/div>\n<\/div>\n","protected":false},"excerpt":{"rendered":"<p>Nous composons avec vos contraintes techniques ainsi que la destination de votre toiture afin de vous proposer les meilleures solutions en terme de compositions v\u00e9g\u00e9talis\u00e9es. Si votre toiture poss\u00e8de une portance faible et que vous souhaitez le minimum d&#8217;entretien, nous vous orientons vers des s\u00e9dums, vari\u00e9t\u00e9 extr\u00eamement tol\u00e9rante aux temp\u00e9ratures et hygrom\u00e9trie extr\u00eame, mais qui [&hellip;]<\/p>\n","protected":false},"author":1,"featured_media":0,"parent":0,"menu_order":0,"comment_status":"closed","ping_status":"closed","template":"","meta":{"saved_in_kubio":false,"footnotes":""},"class_list":["post-137","page","type-page","status-publish","hentry"],"kubio_ai_page_context":{"short_desc":"","purpose":"general"},"_links":{"self":[{"href":"https:\/\/plusvert-toitures.fr\/index.php?rest_route=\/wp\/v2\/pages\/137","targetHints":{"allow":["GET"]}}],"collection":[{"href":"https:\/\/plusvert-toitures.fr\/index.php?rest_route=\/wp\/v2\/pages"}],"about":[{"href":"https:\/\/plusvert-toitures.fr\/index.php?rest_route=\/wp\/v2\/types\/page"}],"author":[{"embeddable":true,"href":"https:\/\/plusvert-toitures.fr\/index.php?rest_route=\/wp\/v2\/users\/1"}],"replies":[{"embeddable":true,"href":"https:\/\/plusvert-toitures.fr\/index.php?rest_route=%2Fwp%2Fv2%2Fcomments&post=137"}],"version-history":[{"count":3,"href":"https:\/\/plusvert-toitures.fr\/index.php?rest_route=\/wp\/v2\/pages\/137\/revisions"}],"predecessor-version":[{"id":157,"href":"https:\/\/plusvert-toitures.fr\/index.php?rest_route=\/wp\/v2\/pages\/137\/revisions\/157"}],"wp:attachment":[{"href":"https:\/\/plusvert-toitures.fr\/index.php?rest_route=%2Fwp%2Fv2%2Fmedia&parent=137"}],"curies":[{"name":"wp","href":"https:\/\/api.w.org\/{rel}","templated":true}]}}

Une végétalisation adaptée à vos besoins

<p>Nous composons avec vos contraintes techniques ainsi que la destination de votre toiture afin de vous proposer les meilleures solutions en terme de compositions végétalisées. Si votre toiture possède une portance faible et que vous souhaitez le minimum d&#8217;entretien, nous vous orientons vers des sédums, variété extrêmement tolérante aux températures et hygrométrie extrême, mais qui nécessite également un couche de terre moins conséquente. Lorsque que vous souhaitez transformer votre toiture en terrasse nous vous orientons vers des variétés de gazon plus esthétiques avec la possibilité d&#8217;aménagements paysagers tels que des terrasses en bois exotiques.</p>



<figure class="wp-block-image alignwide size-full wp-duotone-unset-1"><img loading="lazy" decoding="async" width="1000" height="600" src="https://plusvert-toitures.fr/wp-content/uploads/2024/05/Sans-titre-10-1.png" alt="" class="wp-image-138" srcset="https://plusvert-toitures.fr/wp-content/uploads/2024/05/Sans-titre-10-1.png 1000w, https://plusvert-toitures.fr/wp-content/uploads/2024/05/Sans-titre-10-1-300x180.png 300w, https://plusvert-toitures.fr/wp-content/uploads/2024/05/Sans-titre-10-1-768x461.png 768w" sizes="auto, (max-width: 1000px) 100vw, 1000px" /></figure>



<div class="wp-block-buttons is-layout-flex wp-block-buttons-is-layout-flex">
<div class="wp-block-button has-custom-width wp-block-button__width-100"><a class="wp-block-button__link wp-element-button" href="https://plusvert-toitures.fr/?page_id=83">Présentez-nous votre projet</a></div>
</div>

<p>Nous composons avec vos contraintes techniques ainsi que la destination de votre toiture afin de vous proposer les meilleures solutions en terme de compositions végétalisées. Si votre toiture possède une portance faible et que vous souhaitez le minimum d&#8217;entretien, nous vous orientons vers des sédums, variété extrêmement tolérante aux températures et hygrométrie extrême, mais qui [&hellip;]</p>
